{"id":11,"date":"2012-03-07T21:46:02","date_gmt":"2012-03-07T20:46:02","guid":{"rendered":"\/?page_id=11"},"modified":"2012-03-20T09:47:09","modified_gmt":"2012-03-20T08:47:09","slug":"qui-est-julia","status":"publish","type":"page","link":"https:\/\/www.juliasdressing.com\/?page_id=11","title":{"rendered":"Qui est Julia ?"},"content":{"rendered":"<div>\n<p style=\"text-align: left;\"><strong><a href=\"\/wp-content\/uploads\/2012\/03\/Portrait-Julia-\u00a9AnnikWetter1.jpg\"><img loading=\"lazy\" decoding=\"async\" class=\"alignleft size-thumbnail wp-image-30\" style=\"border-width: 10px; border-color: white; border-style: solid;\" title=\"Portrait Julia \u00a9AnnikWetter\" src=\"\/wp-content\/uploads\/2012\/03\/Portrait-Julia-\u00a9AnnikWetter1-150x150.jpg\" alt=\"\" width=\"150\" height=\"150\" \/><\/a><\/strong><\/p>\n<p style=\"text-align: left;\"><span style=\"color: #333333;\">La mode a toujours fait partie de l&rsquo;univers de <strong>Julia Pleynes<\/strong>.<\/span><\/p>\n<p style=\"text-align: left;\"><span style=\"color: #333333;\">\u00c9lev\u00e9e par une m\u00e8re tr\u00e8s \u00e9l\u00e9gante et un p\u00e8re collectionneur, Julia en vraie \u00a0\u00ab\u00a0fashionista\u00a0\u00bb\u00a0genevoise a commenc\u00e9 \u00e0 chiner et \u00e0 collectionner d\u00e8s l&rsquo;enfance. Tent\u00e9e par une formation en stylisme de mode, elle s&rsquo;est finalement orient\u00e9e vers des \u00e9tudes de psychologie et s&rsquo;est sp\u00e9cialis\u00e9e en tant que th\u00e9rapeute pour enfants.<\/span><\/p>\n<p><span style=\"color: #333333;\">Depuis plus de 15 ans, Julia s&rsquo;est constitu\u00e9e <strong>une immense collection de v\u00eatements et d&rsquo;accessoires vintage<\/strong>. \u00a0Son dressing est donc devenu un<strong> v\u00e9ritable mus\u00e9e de la mode<\/strong> ! Ce nouvel espace \u00e0 Gen\u00e8ve est l&rsquo;occasion de faire de cette passion son m\u00e9tier et de la faire partager .<\/span><\/p>\n<\/div>\n","protected":false},"excerpt":{"rendered":"<p>La mode a toujours fait partie de l&rsquo;univers de Julia Pleynes. \u00c9lev\u00e9e par une m\u00e8re tr\u00e8s \u00e9l\u00e9gante et un p\u00e8re collectionneur, Julia en vraie \u00a0\u00ab\u00a0fashionista\u00a0\u00bb\u00a0genevoise a commenc\u00e9 \u00e0 chiner et \u00e0 collectionner d\u00e8s l&rsquo;enfance. Tent\u00e9e par une formation en stylisme de mode, elle s&rsquo;est finalement orient\u00e9e vers des \u00e9tudes de psychologie et s&rsquo;est sp\u00e9cialis\u00e9e en [&hellip;]<\/p>\n","protected":false},"author":1,"featured_media":0,"parent":0,"menu_order":2,"comment_status":"closed","ping_status":"open","template":"","meta":{"footnotes":""},"aioseo_notices":[],"_links":{"self":[{"href":"https:\/\/www.juliasdressing.com\/index.php?rest_route=\/wp\/v2\/pages\/11"}],"collection":[{"href":"https:\/\/www.juliasdressing.com\/index.php?rest_route=\/wp\/v2\/pages"}],"about":[{"href":"https:\/\/www.juliasdressing.com\/index.php?rest_route=\/wp\/v2\/types\/page"}],"author":[{"embeddable":true,"href":"https:\/\/www.juliasdressing.com\/index.php?rest_route=\/wp\/v2\/users\/1"}],"replies":[{"embeddable":true,"href":"https:\/\/www.juliasdressing.com\/index.php?rest_route=%2Fwp%2Fv2%2Fcomments&post=11"}],"version-history":[{"count":20,"href":"https:\/\/www.juliasdressing.com\/index.php?rest_route=\/wp\/v2\/pages\/11\/revisions"}],"predecessor-version":[{"id":116,"href":"https:\/\/www.juliasdressing.com\/index.php?rest_route=\/wp\/v2\/pages\/11\/revisions\/116"}],"wp:attachment":[{"href":"https:\/\/www.juliasdressing.com\/index.php?rest_route=%2Fwp%2Fv2%2Fmedia&parent=11"}],"curies":[{"name":"wp","href":"https:\/\/api.w.org\/{rel}","templated":true}]}}

<div>
<p style="text-align: left;"><strong><a href="/wp-content/uploads/2012/03/Portrait-Julia-©AnnikWetter1.jpg"><img loading="lazy" decoding="async" class="alignleft size-thumbnail wp-image-30" style="border-width: 10px; border-color: white; border-style: solid;" title="Portrait Julia ©AnnikWetter" src="/wp-content/uploads/2012/03/Portrait-Julia-©AnnikWetter1-150x150.jpg" alt="" width="150" height="150" /></a></strong></p>
<p style="text-align: left;"><span style="color: #333333;">La mode a toujours fait partie de l&rsquo;univers de <strong>Julia Pleynes</strong>.</span></p>
<p style="text-align: left;"><span style="color: #333333;">Élevée par une mère très élégante et un père collectionneur, Julia en vraie  « fashionista » genevoise a commencé à chiner et à collectionner dès l&rsquo;enfance. Tentée par une formation en stylisme de mode, elle s&rsquo;est finalement orientée vers des études de psychologie et s&rsquo;est spécialisée en tant que thérapeute pour enfants.</span></p>
<p><span style="color: #333333;">Depuis plus de 15 ans, Julia s&rsquo;est constituée <strong>une immense collection de vêtements et d&rsquo;accessoires vintage</strong>.  Son dressing est donc devenu un<strong> véritable musée de la mode</strong> ! Ce nouvel espace à Genève est l&rsquo;occasion de faire de cette passion son métier et de la faire partager .</span></p>
</div>

<p>La mode a toujours fait partie de l&rsquo;univers de Julia Pleynes. Élevée par une mère très élégante et un père collectionneur, Julia en vraie  « fashionista » genevoise a commencé à chiner et à collectionner dès l&rsquo;enfance. Tentée par une formation en stylisme de mode, elle s&rsquo;est finalement orientée vers des études de psychologie et s&rsquo;est spécialisée en [&hellip;]</p>
